(base 15) to base 4.
210
47 (base 10) to base 14
35
19 (base 14) to base 10
23
-19 (base 12) to base 5
-41
-8 (base 15) to base 10
-8
Convert -e (base 15) to base 2.
-1110
Convert -274 (base 8) to base 11.
-161
100 (base 3) to base 6
13
What is -52 (base 9) in base 4?
-233
What is 1110 (base 2) in base 14?
10
2 (base 13) to base 3
2
Convert -22 (base 12) to base 14.
-1c
Convert -18 (base 13) to base 4.
-111
21 (base 5) to base 3
102
Convert 1 (base 7) to base 4.
1
Convert 4 (base 15) to base 12.
4
Convert -10 (base 6) to base 5.
-11
What is 351 (base 9) in base 11?
243
What is -27 (base 8) in base 12?
-1b
0 (base 12) to base 5
0
What is -3 (base 10) in base 3?
-10
-8 (base 10) to base 7
-11
-95 (base 13) to base 11
-101
-116 (base 9) to base 2
-1100000
Convert 67 (base 10) to base 16.
43
Convert e (base 16) to base 12.
12
Convert -414 (base 6) to base 11.
-130
What is 41 (base 12) in base 14?
37
Convert -111 (base 16) to base 5.
-2043
What is -c (base 13) in base 4?
-30
Convert -1243 (base 5) to base 7.
-402
147 (base 12) to base 7
403
Convert -6 (base 16) to base 11.
-6
What is -2a (base 12) in base 9?
-37
What is 0 (base 10) in base 16?
0
Convert 2 (base 14) to base 10.
2
Convert 1a (base 13) to base 4.
113
Convert -24 (base 7) to base 2.
-10010
-1 (base 4) to base 3
-1
Convert 200 (base 5) to base 9.
55
11 (base 14) to base 15
10
Convert 30 (base 6) to base 14.
14
5 (base 6) to base 14
5
-6 (base 7) to base 12
-6
4 (base 8) to base 5
4
-3 (base 10) to base 14
-3
12 (base 7) to base 9
10
Convert 5 (base 11) to base 14.
5
What is -111111 (base 2) in base 3?
-2100
What is -55 (base 10) in base 6?
-131
243 (base 5) to base 13
58
198 (base 13) to base 9
356
Convert -8 (base 11) to base 8.
-10
What is -125 (base 13) in base 8?
-310
What is -15 (base 10) in base 16?
-f
What is -1 (base 11) in base 10?
-1
Convert 252 (base 7) to base 10.
135
What is -2 (base 15) in base 12?
-2
Convert 93 (base 14) to base 15.
89
-13 (base 9) to base 11
-11
6 (base 16) to base 15
6
10 (base 8) to base 10
8
What is -5 (base 14) in base 15?
-5
What is 40 (base 10) in base 14?
2c
What is -102 (base 4) in base 5?
-33
9b (base 14) to base 10
137
Convert -88 (base 13) to base 14.
-80
What is 11 (base 3) in base 12?
4
73 (base 10) to base 11
67
-3 (base 15) to base 10
-3
Convert 3 (base 14) to base 11.
3
Convert 4 (base 11) to base 12.
4
-5 (base 13) to base 4
-11
Convert -58 (base 10) to base 13.
-46
3 (base 15) to base 7
3
1110000 (base 2) to base 10
112
-3 (base 11) to base 2
-11
-167 (base 8) to base 16
-77
Convert -24 (base 8) to base 14.
-16
Convert -11 (base 4) to base 3.
-12
3 (base 12) to base 3
10
Convert -109 (base 13) to base 12.
-12a
What is 133 (base 11) in base 5?
1112
Convert -14 (base 12) to base 16.
-10
Convert 0 (base 13) to base 4.
0
43 (base 16) to base 11
61
What is 11 (base 12) in base 16?
d
Convert 3 (base 9) to base 3.
10
What is -1 (base 12) in base 10?
-1
Convert -34 (base 6) to base 3.
-211
What is 8c (base 15) in base 4?
2010
Convert -115 (base 6) to base 4.
-233
Convert -2 (base 10) to base 8.
-2
Convert -5 (base 7) to base 6.
-5
49 (base 14) to base 12
55
What is -3 (base 15) in base 9?
-3
What is 32 (base 15) in base 16?
2f
Convert 21 (base 4) to base 9.
10
0 (base 10) to base 2
0
What is -120 (base 5) in base 7?
-50
-18 (base 14) to base 3
-211
What is 187 (base 13) in base 7?
550
Convert 0 (base 11) to base 12.
0
-16 (base 14) to base 16
-14
What is 4 (base 7) in base 6?
4
What is 8 (base 11) in base 7?
11
Convert -70 (base 10) to base 2.
-1000110
-79 (base 16) to base 4
-1321
-26 (base 16) to base 14
-2a
23 (base 6) to base 16
f
What is -13 (base 8) in base 15?
-b
What is -2 (base 9) in base 13?
-2
-22 (base 6) to base 9
-15
2102 (base 3) to base 10
65
1001 (base 2) to base 14
9
13 (base 9) to base 15
c
Convert 143 (base 8) to base 9.
120
1000101 (base 2) to base 10
69
112 (base 4) to base 7
31
What is 11000 (base 2) in base 4?
120
Convert 3 (base 10) to base 2.
11
Convert -1011000 (base 2) to base 9.
-107
What is -36 (base 14) in base 5?
-143
a7 (base 11) to base 6
313
What is -57 (base 13) in base 5?
-242
0 (base 13) to base 11
0
Convert -122 (base 5) to base 3.
-1101
Convert 24 (base 7) to base 5.
33
What is -11010 (base 2) in base 14?
-1c
What is 19 (base 14) in base 16?
17
What is -3 (base 4) in base 5?
-3
Convert 3 (base 9) to base 13.
3
5 (base 7) to base 6
5
What is -7 (base 12) in base 14?
-7
Convert 3 (base 13) to base 9.
3
Convert 4 (base 16) to base 2.
100
What is c (base 15) in base 11?
11
What is 5 (base 10) in base 16?
5
-17 (base 13) to base 9
-22
What is 0 (base 8) in base 4?
0
What is -2 (base 12) in base 6?
-2
Convert 2 (base 5) to base 15.
2
11 (base 5) to base 8
6
1b (base 13) to base 3
220
-19 (base 10) to base 15
-14
-3 (base 9) to base 11
-3
Convert 35 (base 6) to base 13.
1a
-12 (base 4) to base 7
-6
What is -119 (base 11) in base 4?
-2031
Convert -200 (base 3) to base 12.
-16
What is -19 (base 10) in base 6?
-31
Convert -a (base 16) to base 3.
-101
-124 (base 8) to base 9
-103
What is -47 (base 12) in base 6?
-131
-4 (base 12) to base 4
-10
What is 11 (base 8) in base 7?
12
1 (base 11) to base 6
1
What is -42 (base 9) in base 15?
-28
13 (base 10) to base 4
31
Convert -12 (base 8) to base 4.
-22
-2 (base 15) to base 14
-2
Convert -4a (base 16) to base 2.
-1001010
1011 (base 3) to base 16
1f
-81 (base 13) to base 11
-96
-12 (base 4) to base 13
-6
Convert -11 (base 5) to base 7.
-6
145 (base 9) to base 11
101
What is -24 (base 13) in base 15?
-20
What is -62 (base 7) in base 12?
-38
1000 (base 3) to base 14
1d
4 (base 5) to base 16
4
2 (base 11) to base 4
2
What is -1a (base 11) in base 2?
-10101
Convert -5 (base 14) to base 8.
-5
What is b3 (base 14) in base 16?
9d
d (base 14) to base 11
12
Convert 11011 (base 2) to base 6.
43
What is -10 (base 16) in base 5?
-31
Convert -12 (base 9) to base 8.
-13
-1 (base 11) to base 13
-1
-21 (base 7) to base 9
-16
3 (base 4) to base 5
3
324 (base 5) to base 3
10022
What is 7 (base 12) in base 13?
7
What is -10110010 (base 2) in base 16?
-b2
Convert 13 (base 6) to base 11.
9
What is 35 (base 13) in base 5?
134
Convert 1101 (base 2) to base 9.
14
12 (base 4) to base 6
10
Convert 122 (base 5) to base 9.
41
Convert 3 (base 13) to base 6.
3
d (base 16) to base 3
111
Convert a (base 16) to base 9.
11
What is 68 (base 16) in base 7?
206
-b9 (base 13) to base 4
-2120
What is 117 (base 15) in base 10?
247
Convert -111 (base 2) to base 13.
-7
What is -3 (base 15) in base 12?
-3
What is 1113 (base 6) in base 14?
149
What is 9 (base 10) in base 16?
9
-3 (base 15) to base 8
-3
Convert -11 (base 5) to base 14.
-6
Convert 56 (base 8) to base 7.
64
What is -2 (base 8) in base 9?
-2
What is -5 (base 13) in base 6?
-5
What is -11 (base 16) in base 15?
-12
-4 (base 13) to base 2
-100
What is 2 (base 10) in base 12?
2
Convert 21 (base 5) to base 8.
13
What is -2 (base 14) in base 11?
-2
Convert 0 (base 6) to base 14.
0
What is -3 (base 7) in base 15?
-3
What is 0 (base 9) in base 13?
0
What is -27 (base 8) in base 3?
-212
Convert 0 (base 4) to base 5.
0
Convert 0 (base 14) to base 16.
0
What is -7b (base 13) in base 16?
-66
What is -12 (base 3) in base 9?
-5
What is -1d (base 14) in base 13?
-21
Convert -111 (base 2) to base 6.
-11
What is 15 (base 6) in base 12?
b
Convert 1 (base 4) to base 12.
1
What is 1342 (base 6) in base 8?
536
Convert 12 (base 13) to base 16.
f
147 (base 8) to base 4
1213
What is -30 (base 4) in base 9?
-13
Convert 45 (base 13) to base 6.
133
Convert -2102 (base 4) to base 15.
-9b
What is 12 (base 12) in base 10?
14
-1 (base 15) to base 12
-1
What is -3 (base 12) in base 3?
-10
11 (base 5) to base 2
110
Convert -13 (base 7) to base 9.
-11
-2 (base 3) to base 12
-2
What is 2 (base 6) in base 16?
2
Convert 1 (base 14) to base 13.
1
Convert 10101 (base 2) to base 8.
25
Convert 23 (base 11) to base 7.
34
-146 (base 12) to base 3
-21100
Convert 2c (base 13) to base 15.
28
What is -1044 (base 5) in base 9?
-175
14 (base 5) to base 13
9
1 (base 10) to base 15
1
What is -15 (base 8) in base 16?
-d
-4 (base 15) to base 6
-4
-3 (base 12) to base 16
-3
What is -102 (base 3) in base 7?
-14
What is -10 (base 3) in base 13?
-3
33 (base 8) to base 7
36
What is 1212 (base 4) in base 1